{"version":"1.0","provider_name":"Cesarini","provider_url":"https:\/\/www.francocesarini.com\/de\/","author_name":"christina.liebi","author_url":"https:\/\/www.francocesarini.com\/de\/author\/christina-liebi\/","title":"Concertino for Clarinet - Cesarini","type":"rich","width":600,"height":338,"html":"<blockquote class=\"wp-embedded-content\" data-secret=\"OxOU6RbqLX\"><a href=\"https:\/\/www.francocesarini.com\/de\/werke\/concertino-for-clarinet-franco-cesarini-blasorchester\/\">Concertino for Clarinet<\/a><\/blockquote><iframe sandbox=\"allow-scripts\" security=\"restricted\" src=\"https:\/\/www.francocesarini.com\/de\/werke\/concertino-for-clarinet-franco-cesarini-blasorchester\/embed\/#?secret=OxOU6RbqLX\" width=\"600\" height=\"338\" title=\"&#8222;Concertino for Clarinet&#8220; &#8212; Cesarini\" data-secret=\"OxOU6RbqLX\" frameborder=\"0\" marginwidth=\"0\" marginheight=\"0\" scrolling=\"no\" class=\"wp-embedded-content\"><\/iframe><script type=\"text\/javascript\">\n\/*! This file is auto-generated *\/\n!function(c,d){\"use strict\";var e=!1,o=!1;if(d.querySelector)if(c.addEventListener)e=!0;if(c.wp=c.wp||{},c.wp.receiveEmbedMessage);else if(c.wp.receiveEmbedMessage=function(e){var t=e.data;if(!t);else if(!(t.secret||t.message||t.value));else if(\/[^a-zA-Z0-9]\/.test(t.secret));else{for(var r,s,a,i=d.querySelectorAll('iframe[data-secret=\"'+t.secret+'\"]'),n=d.querySelectorAll('blockquote[data-secret=\"'+t.secret+'\"]'),o=new RegExp(\"^https?:$\",\"i\"),l=0;l<n.length;l++)n[l].style.display=\"none\";for(l=0;l<i.length;l++)if(r=i[l],e.source!==r.contentWindow);else{if(r.removeAttribute(\"style\"),\"height\"===t.message){if(1e3<(s=parseInt(t.value,10)))s=1e3;else if(~~s<200)s=200;r.height=s}if(\"link\"===t.message)if(s=d.createElement(\"a\"),a=d.createElement(\"a\"),s.href=r.getAttribute(\"src\"),a.href=t.value,!o.test(a.protocol));else if(a.host===s.host)if(d.activeElement===r)c.top.location.href=t.value}}},e)c.addEventListener(\"message\",c.wp.receiveEmbedMessage,!1),d.addEventListener(\"DOMContentLoaded\",t,!1),c.addEventListener(\"load\",t,!1);function t(){if(o);else{o=!0;for(var e,t,r,s=-1!==navigator.appVersion.indexOf(\"MSIE 10\"),a=!!navigator.userAgent.match(\/Trident.*rv:11\\.\/),i=d.querySelectorAll(\"iframe.wp-embedded-content\"),n=0;n<i.length;n++){if(!(r=(t=i[n]).getAttribute(\"data-secret\")))r=Math.random().toString(36).substr(2,10),t.src+=\"#?secret=\"+r,t.setAttribute(\"data-secret\",r);if(s||a)(e=t.cloneNode(!0)).removeAttribute(\"security\"),t.parentNode.replaceChild(e,t);t.contentWindow.postMessage({message:\"ready\",secret:r},\"*\")}}}}(window,document);\n<\/script>\n","thumbnail_url":"https:\/\/www.francocesarini.com\/wp-content\/uploads\/2021\/09\/2058-16-010-M.jpg","thumbnail_width":1000,"thumbnail_height":1333,"description":"Das Concertino f\u00fcr Klarinette und Blasorchester wurde vom Schweizer Blasmusikverband (SBV) in Auftrag gegeben, um das \u201eJahr der Klarinette 2015\u201c zu feiern. Das Werk besteht aus drei Abschnitten, die durch Solokadenzen unterteilt sind, und erforscht alle M\u00f6glichkeiten und Charakteristika der Klarinette. Es enth\u00e4lt virtuose Elemente und Dialoge mit anderen Blasinstrumenten, aber auch einen wundersch\u00f6nen langsamen Satz. Das St\u00fcck ist anspruchsvoll, aber gut spielbar und eignet sich f\u00fcr jedes Publikum."}

Das Concertino für Klarinette und Blasorchester wurde vom Schweizer Blasmusikverband (SBV) in Auftrag gegeben, um das „Jahr der Klarinette 2015“ zu feiern. Das Werk besteht aus drei Abschnitten, die durch Solokadenzen unterteilt sind, und erforscht alle Möglichkeiten und Charakteristika der Klarinette. Es enthält virtuose Elemente und Dialoge mit anderen Blasinstrumenten, aber auch einen wunderschönen langsamen Satz. Das Stück ist anspruchsvoll, aber gut spielbar und eignet sich für jedes Publikum.
