{"id":2870,"date":"2021-09-14T21:45:38","date_gmt":"2021-09-14T19:45:38","guid":{"rendered":"https:\/\/www.francocesarini.com\/works\/gran-finale-atto-ii\/"},"modified":"2022-06-05T15:33:56","modified_gmt":"2022-06-05T13:33:56","slug":"gran-finale-atto-ii-verdi-bearbeitung-blasorchester-franco-cesarini","status":"publish","type":"works","link":"https:\/\/www.francocesarini.com\/de\/werke\/gran-finale-atto-ii-verdi-bearbeitung-blasorchester-franco-cesarini\/","title":{"rendered":"Gran Finale &#8211; Atto II"},"content":{"rendered":"\n<figure class=\"wp-block-table\"><table><tbody><tr><td>Durch die \u00fcberaus erfolgreiche Premiere von <em>Nabucco <\/em>(1842) wurde Verdi schlagartig ber\u00fchmt. Innerhalb von zehn Jahren entstanden rund zwanzig Opern. Erst nach der Premiere von <em>Un ballo in<\/em> <em>maschera<\/em> (Ein Maskenball) nahm seine Opernproduktion drastisch ab. Der Grund hierf\u00fcr ist einerseits in seiner Mitgliedschaft im italienischen Parlament (1861-1865), andererseits in der Entt\u00e4uschung von der Opernwelt seines Landes zu suchen. Er weigerte sich fortan, f\u00fcr italienische Opernh\u00e4user zu schreiben und arbeitete in den folgenden drei\u00dfig Jahren nur noch f\u00fcr ausl\u00e4ndische Auftraggeber. Unter ihnen war die Oper von Kairo, von der Verdi den Auftrag f\u00fcr eine Komposition zur feierlichen Er\u00f6ffnung des Suez-Kanals erhielt. Auf diese Weise entstand die im Alten \u00c4gypten spielende Oper <em>Aida<\/em>. Das Gro\u00dfe Finale aus dem zweiten Akt ist ein komplexer Abschnitt der Oper, da hier in einer einzigen Szene viele verschiedene Figuren und gegens\u00e4tzliche Gef\u00fchle vereint sind. Die Szene beginnt mit dem Aufmarsch des \u00e4gyptischen Heerf\u00fchrers Radam\u00e8s und seiner Truppen, die gerade die \u00c4thiopier besiegt haben. Die \u00c4gypter stimmen f\u00fcr ihren Helden einen feierlichen Gesang an, Trompeten spielen zu seiner Begr\u00fc\u00dfung den bekannten Triumphmarsch. Unter den jubelnden Menschen befindet sich auch die Sklavin Aida, die eigentlich eine \u00e4thiopische Prinzessin ist. Sie und Ramad\u00e8s lieben einander im Verborgenen. Zu ihrem Schrecken erkennt sie unter den Gefangenen ihren Vater, den K\u00f6nig der \u00c4thiopier. Ramad\u00e8s beschlie\u00dft aus Liebe zu Aida und gegen den Willen seiner Priester, die Gefangenen freizulassen. Nur Aidas Vater bleibt auf Befehl des Pharaos gefangen. Jener gibt gegen Ende des Aktes bekannt, dass er Radam\u00e8s zum Lohn f\u00fcr den Sieg mit seiner Tochter Amneris verheiraten und ihn zu seinem Nachfolger ernennen wird.Alle feiern in freudiger Feststimmung, bis auf Ramad\u00e8s und Aida, die verzweifelt sind.Die Transkription von Franco Cesarini h\u00e4lt sich eng an Verdis Originalpartitur.&nbsp;<\/td><\/tr><\/tbody><\/table><\/figure>\n","protected":false},"featured_media":2871,"template":"","works_category":[84,94],"acf":[],"yoast_head":"<!-- This site is optimized with the Yoast SEO plugin v20.11 - https:\/\/yoast.com\/wordpress\/plugins\/seo\/ -->\n<title>Gran Finale - Atto II - Cesarini<\/title>\n<meta name=\"description\" content=\"Gran Finale Atto II, aus der Opera Aida von Giuseppe Verdi, bearbeitet f\u00fcr Blasorchester von Franco Cesarini. Die Transkription h\u00e4lt sich eng an Verdis Originalpartitur.\u00a0\" \/>\n<meta name=\"robots\" content=\"index, follow, max-snippet:-1, max-image-preview:large, max-video-preview:-1\" \/>\n<link rel=\"canonical\" href=\"https:\/\/www.francocesarini.com\/de\/werke\/gran-finale-atto-ii-verdi-bearbeitung-blasorchester-franco-cesarini\/\" \/>\n<meta property=\"og:locale\" content=\"de_DE\" \/>\n<meta property=\"og:type\" content=\"article\" \/>\n<meta property=\"og:title\" content=\"Gran Finale - Atto II - Cesarini\" \/>\n<meta property=\"og:description\" content=\"Gran Finale Atto II, aus der Opera Aida von Giuseppe Verdi, bearbeitet f\u00fcr Blasorchester von Franco Cesarini. Die Transkription h\u00e4lt sich eng an Verdis Originalpartitur.\u00a0\" \/>\n<meta property=\"og:url\" content=\"https:\/\/www.francocesarini.com\/de\/werke\/gran-finale-atto-ii-verdi-bearbeitung-blasorchester-franco-cesarini\/\" \/>\n<meta property=\"og:site_name\" content=\"Cesarini\" \/>\n<meta property=\"article:modified_time\" content=\"2022-06-05T13:33:56+00:00\" \/>\n<meta property=\"og:image\" content=\"https:\/\/www.francocesarini.com\/wp-content\/uploads\/2021\/09\/0658-00-010-M.jpg\" \/>\n\t<meta property=\"og:image:width\" content=\"446\" \/>\n\t<meta property=\"og:image:height\" content=\"631\" \/>\n\t<meta property=\"og:image:type\" content=\"image\/jpeg\" \/>\n<meta name=\"twitter:card\" content=\"summary_large_image\" \/>\n<script type=\"application\/ld+json\" class=\"yoast-schema-graph\">{\"@context\":\"https:\/\/schema.org\",\"@graph\":[{\"@type\":\"WebPage\",\"@id\":\"https:\/\/www.francocesarini.com\/de\/werke\/gran-finale-atto-ii-verdi-bearbeitung-blasorchester-franco-cesarini\/\",\"url\":\"https:\/\/www.francocesarini.com\/de\/werke\/gran-finale-atto-ii-verdi-bearbeitung-blasorchester-franco-cesarini\/\",\"name\":\"Gran Finale - Atto II - Cesarini\",\"isPartOf\":{\"@id\":\"https:\/\/www.francocesarini.com\/de\/#website\"},\"datePublished\":\"2021-09-14T19:45:38+00:00\",\"dateModified\":\"2022-06-05T13:33:56+00:00\",\"description\":\"Gran Finale Atto II, aus der Opera Aida von Giuseppe Verdi, bearbeitet f\u00fcr Blasorchester von Franco Cesarini. Die Transkription h\u00e4lt sich eng an Verdis Originalpartitur.\u00a0\",\"breadcrumb\":{\"@id\":\"https:\/\/www.francocesarini.com\/de\/werke\/gran-finale-atto-ii-verdi-bearbeitung-blasorchester-franco-cesarini\/#breadcrumb\"},\"inLanguage\":\"de-DE\",\"potentialAction\":[{\"@type\":\"ReadAction\",\"target\":[\"https:\/\/www.francocesarini.com\/de\/werke\/gran-finale-atto-ii-verdi-bearbeitung-blasorchester-franco-cesarini\/\"]}]},{\"@type\":\"BreadcrumbList\",\"@id\":\"https:\/\/www.francocesarini.com\/de\/werke\/gran-finale-atto-ii-verdi-bearbeitung-blasorchester-franco-cesarini\/#breadcrumb\",\"itemListElement\":[{\"@type\":\"ListItem\",\"position\":1,\"name\":\"Home\",\"item\":\"https:\/\/www.francocesarini.com\/de\/\"},{\"@type\":\"ListItem\",\"position\":2,\"name\":\"Werke\",\"item\":\"https:\/\/www.francocesarini.com\/de\/werke\/\"},{\"@type\":\"ListItem\",\"position\":3,\"name\":\"Gran Finale &#8211; Atto II\"}]},{\"@type\":\"WebSite\",\"@id\":\"https:\/\/www.francocesarini.com\/de\/#website\",\"url\":\"https:\/\/www.francocesarini.com\/de\/\",\"name\":\"Cesarini\",\"description\":\"Composer and Publisher\",\"publisher\":{\"@id\":\"https:\/\/www.francocesarini.com\/de\/#\/schema\/person\/33f40be6be20ae6e85a1344113c1b9fb\"},\"potentialAction\":[{\"@type\":\"SearchAction\",\"target\":{\"@type\":\"EntryPoint\",\"urlTemplate\":\"https:\/\/www.francocesarini.com\/de\/?s={search_term_string}\"},\"query-input\":\"required name=search_term_string\"}],\"inLanguage\":\"de-DE\"},{\"@type\":[\"Person\",\"Organization\"],\"@id\":\"https:\/\/www.francocesarini.com\/de\/#\/schema\/person\/33f40be6be20ae6e85a1344113c1b9fb\",\"name\":\"Franco Cesarini\",\"image\":{\"@type\":\"ImageObject\",\"inLanguage\":\"de-DE\",\"@id\":\"https:\/\/www.francocesarini.com\/de\/#\/schema\/person\/image\/\",\"url\":\"https:\/\/www.francocesarini.com\/wp-content\/uploads\/2021\/06\/logo_svg.svg\",\"contentUrl\":\"https:\/\/www.francocesarini.com\/wp-content\/uploads\/2021\/06\/logo_svg.svg\",\"width\":270,\"height\":96,\"caption\":\"Franco Cesarini\"},\"logo\":{\"@id\":\"https:\/\/www.francocesarini.com\/de\/#\/schema\/person\/image\/\"}}]}<\/script>\n<!-- \/ Yoast SEO plugin. -->","yoast_head_json":{"title":"Gran Finale - Atto II - Cesarini","description":"Gran Finale Atto II, aus der Opera Aida von Giuseppe Verdi, bearbeitet f\u00fcr Blasorchester von Franco Cesarini. Die Transkription h\u00e4lt sich eng an Verdis Originalpartitur.\u00a0","robots":{"index":"index","follow":"follow","max-snippet":"max-snippet:-1","max-image-preview":"max-image-preview:large","max-video-preview":"max-video-preview:-1"},"canonical":"https:\/\/www.francocesarini.com\/de\/werke\/gran-finale-atto-ii-verdi-bearbeitung-blasorchester-franco-cesarini\/","og_locale":"de_DE","og_type":"article","og_title":"Gran Finale - Atto II - Cesarini","og_description":"Gran Finale Atto II, aus der Opera Aida von Giuseppe Verdi, bearbeitet f\u00fcr Blasorchester von Franco Cesarini. Die Transkription h\u00e4lt sich eng an Verdis Originalpartitur.\u00a0","og_url":"https:\/\/www.francocesarini.com\/de\/werke\/gran-finale-atto-ii-verdi-bearbeitung-blasorchester-franco-cesarini\/","og_site_name":"Cesarini","article_modified_time":"2022-06-05T13:33:56+00:00","og_image":[{"width":446,"height":631,"url":"https:\/\/www.francocesarini.com\/wp-content\/uploads\/2021\/09\/0658-00-010-M.jpg","type":"image\/jpeg"}],"twitter_card":"summary_large_image","schema":{"@context":"https:\/\/schema.org","@graph":[{"@type":"WebPage","@id":"https:\/\/www.francocesarini.com\/de\/werke\/gran-finale-atto-ii-verdi-bearbeitung-blasorchester-franco-cesarini\/","url":"https:\/\/www.francocesarini.com\/de\/werke\/gran-finale-atto-ii-verdi-bearbeitung-blasorchester-franco-cesarini\/","name":"Gran Finale - Atto II - Cesarini","isPartOf":{"@id":"https:\/\/www.francocesarini.com\/de\/#website"},"datePublished":"2021-09-14T19:45:38+00:00","dateModified":"2022-06-05T13:33:56+00:00","description":"Gran Finale Atto II, aus der Opera Aida von Giuseppe Verdi, bearbeitet f\u00fcr Blasorchester von Franco Cesarini. Die Transkription h\u00e4lt sich eng an Verdis Originalpartitur.\u00a0","breadcrumb":{"@id":"https:\/\/www.francocesarini.com\/de\/werke\/gran-finale-atto-ii-verdi-bearbeitung-blasorchester-franco-cesarini\/#breadcrumb"},"inLanguage":"de-DE","potentialAction":[{"@type":"ReadAction","target":["https:\/\/www.francocesarini.com\/de\/werke\/gran-finale-atto-ii-verdi-bearbeitung-blasorchester-franco-cesarini\/"]}]},{"@type":"BreadcrumbList","@id":"https:\/\/www.francocesarini.com\/de\/werke\/gran-finale-atto-ii-verdi-bearbeitung-blasorchester-franco-cesarini\/#breadcrumb","itemListElement":[{"@type":"ListItem","position":1,"name":"Home","item":"https:\/\/www.francocesarini.com\/de\/"},{"@type":"ListItem","position":2,"name":"Werke","item":"https:\/\/www.francocesarini.com\/de\/werke\/"},{"@type":"ListItem","position":3,"name":"Gran Finale &#8211; Atto II"}]},{"@type":"WebSite","@id":"https:\/\/www.francocesarini.com\/de\/#website","url":"https:\/\/www.francocesarini.com\/de\/","name":"Cesarini","description":"Composer and Publisher","publisher":{"@id":"https:\/\/www.francocesarini.com\/de\/#\/schema\/person\/33f40be6be20ae6e85a1344113c1b9fb"},"potentialAction":[{"@type":"SearchAction","target":{"@type":"EntryPoint","urlTemplate":"https:\/\/www.francocesarini.com\/de\/?s={search_term_string}"},"query-input":"required name=search_term_string"}],"inLanguage":"de-DE"},{"@type":["Person","Organization"],"@id":"https:\/\/www.francocesarini.com\/de\/#\/schema\/person\/33f40be6be20ae6e85a1344113c1b9fb","name":"Franco Cesarini","image":{"@type":"ImageObject","inLanguage":"de-DE","@id":"https:\/\/www.francocesarini.com\/de\/#\/schema\/person\/image\/","url":"https:\/\/www.francocesarini.com\/wp-content\/uploads\/2021\/06\/logo_svg.svg","contentUrl":"https:\/\/www.francocesarini.com\/wp-content\/uploads\/2021\/06\/logo_svg.svg","width":270,"height":96,"caption":"Franco Cesarini"},"logo":{"@id":"https:\/\/www.francocesarini.com\/de\/#\/schema\/person\/image\/"}}]}},"_links":{"self":[{"href":"https:\/\/www.francocesarini.com\/de\/wp-json\/wp\/v2\/works\/2870"}],"collection":[{"href":"https:\/\/www.francocesarini.com\/de\/wp-json\/wp\/v2\/works"}],"about":[{"href":"https:\/\/www.francocesarini.com\/de\/wp-json\/wp\/v2\/types\/works"}],"version-history":[{"count":0,"href":"https:\/\/www.francocesarini.com\/de\/wp-json\/wp\/v2\/works\/2870\/revisions"}],"wp:featuredmedia":[{"embeddable":true,"href":"https:\/\/www.francocesarini.com\/de\/wp-json\/wp\/v2\/media\/2871"}],"wp:attachment":[{"href":"https:\/\/www.francocesarini.com\/de\/wp-json\/wp\/v2\/media?parent=2870"}],"wp:term":[{"taxonomy":"works_category","embeddable":true,"href":"https:\/\/www.francocesarini.com\/de\/wp-json\/wp\/v2\/works_category?post=2870"}],"curies":[{"name":"wp","href":"https:\/\/api.w.org\/{rel}","templated":true}]}}

<figure class="wp-block-table"><table><tbody><tr><td>Durch die überaus erfolgreiche Premiere von <em>Nabucco </em>(1842) wurde Verdi schlagartig berühmt. Innerhalb von zehn Jahren entstanden rund zwanzig Opern. Erst nach der Premiere von <em>Un ballo in</em> <em>maschera</em> (Ein Maskenball) nahm seine Opernproduktion drastisch ab. Der Grund hierfür ist einerseits in seiner Mitgliedschaft im italienischen Parlament (1861-1865), andererseits in der Enttäuschung von der Opernwelt seines Landes zu suchen. Er weigerte sich fortan, für italienische Opernhäuser zu schreiben und arbeitete in den folgenden dreißig Jahren nur noch für ausländische Auftraggeber. Unter ihnen war die Oper von Kairo, von der Verdi den Auftrag für eine Komposition zur feierlichen Eröffnung des Suez-Kanals erhielt. Auf diese Weise entstand die im Alten Ägypten spielende Oper <em>Aida</em>. Das Große Finale aus dem zweiten Akt ist ein komplexer Abschnitt der Oper, da hier in einer einzigen Szene viele verschiedene Figuren und gegensätzliche Gefühle vereint sind. Die Szene beginnt mit dem Aufmarsch des ägyptischen Heerführers Radamès und seiner Truppen, die gerade die Äthiopier besiegt haben. Die Ägypter stimmen für ihren Helden einen feierlichen Gesang an, Trompeten spielen zu seiner Begrüßung den bekannten Triumphmarsch. Unter den jubelnden Menschen befindet sich auch die Sklavin Aida, die eigentlich eine äthiopische Prinzessin ist. Sie und Ramadès lieben einander im Verborgenen. Zu ihrem Schrecken erkennt sie unter den Gefangenen ihren Vater, den König der Äthiopier. Ramadès beschließt aus Liebe zu Aida und gegen den Willen seiner Priester, die Gefangenen freizulassen. Nur Aidas Vater bleibt auf Befehl des Pharaos gefangen. Jener gibt gegen Ende des Aktes bekannt, dass er Radamès zum Lohn für den Sieg mit seiner Tochter Amneris verheiraten und ihn zu seinem Nachfolger ernennen wird.Alle feiern in freudiger Feststimmung, bis auf Ramadès und Aida, die verzweifelt sind.Die Transkription von Franco Cesarini hält sich eng an Verdis Originalpartitur.&nbsp;</td></tr></tbody></table></figure>

<!-- This site is optimized with the Yoast SEO plugin v20.11 - https://yoast.com/wordpress/plugins/seo/ -->
<title>Gran Finale - Atto II - Cesarini</title>
<meta name="description" content="Gran Finale Atto II, aus der Opera Aida von Giuseppe Verdi, bearbeitet für Blasorchester von Franco Cesarini. Die Transkription hält sich eng an Verdis Originalpartitur. " />
<meta name="robots" content="index, follow, max-snippet:-1, max-image-preview:large, max-video-preview:-1" />
<link rel="canonical" href="https://www.francocesarini.com/de/werke/gran-finale-atto-ii-verdi-bearbeitung-blasorchester-franco-cesarini/" />
<meta property="og:locale" content="de_DE" />
<meta property="og:type" content="article" />
<meta property="og:title" content="Gran Finale - Atto II - Cesarini" />
<meta property="og:description" content="Gran Finale Atto II, aus der Opera Aida von Giuseppe Verdi, bearbeitet für Blasorchester von Franco Cesarini. Die Transkription hält sich eng an Verdis Originalpartitur. " />
<meta property="og:url" content="https://www.francocesarini.com/de/werke/gran-finale-atto-ii-verdi-bearbeitung-blasorchester-franco-cesarini/" />
<meta property="og:site_name" content="Cesarini" />
<meta property="article:modified_time" content="2022-06-05T13:33:56+00:00" />
<meta property="og:image" content="https://www.francocesarini.com/wp-content/uploads/2021/09/0658-00-010-M.jpg" />
	<meta property="og:image:width" content="446" />
	<meta property="og:image:height" content="631" />
	<meta property="og:image:type" content="image/jpeg" />
<meta name="twitter:card" content="summary_large_image" />
<script type="application/ld+json" class="yoast-schema-graph">{"@context":"https://schema.org","@graph":[{"@type":"WebPage","@id":"https://www.francocesarini.com/de/werke/gran-finale-atto-ii-verdi-bearbeitung-blasorchester-franco-cesarini/","url":"https://www.francocesarini.com/de/werke/gran-finale-atto-ii-verdi-bearbeitung-blasorchester-franco-cesarini/","name":"Gran Finale - Atto II - Cesarini","isPartOf":{"@id":"https://www.francocesarini.com/de/#website"},"datePublished":"2021-09-14T19:45:38+00:00","dateModified":"2022-06-05T13:33:56+00:00","description":"Gran Finale Atto II, aus der Opera Aida von Giuseppe Verdi, bearbeitet für Blasorchester von Franco Cesarini. Die Transkription hält sich eng an Verdis Originalpartitur. ","breadcrumb":{"@id":"https://www.francocesarini.com/de/werke/gran-finale-atto-ii-verdi-bearbeitung-blasorchester-franco-cesarini/#breadcrumb"},"inLanguage":"de-DE","potentialAction":[{"@type":"ReadAction","target":["https://www.francocesarini.com/de/werke/gran-finale-atto-ii-verdi-bearbeitung-blasorchester-franco-cesarini/"]}]},{"@type":"BreadcrumbList","@id":"https://www.francocesarini.com/de/werke/gran-finale-atto-ii-verdi-bearbeitung-blasorchester-franco-cesarini/#breadcrumb","itemListElement":[{"@type":"ListItem","position":1,"name":"Home","item":"https://www.francocesarini.com/de/"},{"@type":"ListItem","position":2,"name":"Werke","item":"https://www.francocesarini.com/de/werke/"},{"@type":"ListItem","position":3,"name":"Gran Finale &#8211; Atto II"}]},{"@type":"WebSite","@id":"https://www.francocesarini.com/de/#website","url":"https://www.francocesarini.com/de/","name":"Cesarini","description":"Composer and Publisher","publisher":{"@id":"https://www.francocesarini.com/de/#/schema/person/33f40be6be20ae6e85a1344113c1b9fb"},"potentialAction":[{"@type":"SearchAction","target":{"@type":"EntryPoint","urlTemplate":"https://www.francocesarini.com/de/?s={search_term_string}"},"query-input":"required name=search_term_string"}],"inLanguage":"de-DE"},{"@type":["Person","Organization"],"@id":"https://www.francocesarini.com/de/#/schema/person/33f40be6be20ae6e85a1344113c1b9fb","name":"Franco Cesarini","image":{"@type":"ImageObject","inLanguage":"de-DE","@id":"https://www.francocesarini.com/de/#/schema/person/image/","url":"https://www.francocesarini.com/wp-content/uploads/2021/06/logo_svg.svg","contentUrl":"https://www.francocesarini.com/wp-content/uploads/2021/06/logo_svg.svg","width":270,"height":96,"caption":"Franco Cesarini"},"logo":{"@id":"https://www.francocesarini.com/de/#/schema/person/image/"}}]}</script>
<!-- / Yoast SEO plugin. -->

Gran Finale Atto II, aus der Opera Aida von Giuseppe Verdi, bearbeitet für Blasorchester von Franco Cesarini. Die Transkription hält sich eng an Verdis Originalpartitur.
