{"id":3218,"date":"2021-09-15T15:25:53","date_gmt":"2021-09-15T13:25:53","guid":{"rendered":"https:\/\/www.francocesarini.com\/works\/norma\/"},"modified":"2022-06-05T17:54:49","modified_gmt":"2022-06-05T15:54:49","slug":"norma-franco-cesarini-blasorchester","status":"publish","type":"works","link":"https:\/\/www.francocesarini.com\/de\/werke\/norma-franco-cesarini-blasorchester\/","title":{"rendered":"Norma"},"content":{"rendered":"\n<p><em>Norma<\/em> von Vincenzo Bellini spiegelt ganz die k\u00fcnstlerische Reife dieses sizilianischen Komponisten wider. Das St\u00fcck wurde am 26. Dezember 1831 im Mail\u00e4nder Scala-Theater uraufgef\u00fchrt. W\u00e4hrend die Reaktionen auf die Urauff\u00fchrung kalt waren, erhielt die zweite Auff\u00fchrung herzlichen Beifall. Mit <em>Norma <\/em>erreichte Bellini den H\u00f6hepunkt seiner Vokallyrik und best\u00e4tigte und unterstrich gleichzeitig eine dramatische Kraft, die sich sowohl in der majest\u00e4tischen Klarheit der Rezitative als auch in der Feierlichkeit des Chores offenbarte. Diese Elemente dienen als Hintergrund f\u00fcr die Trag\u00f6die wie ein gro\u00dfes, sch\u00f6nes Fresko. Das Modell von Norma beeinflusste die nachfolgenden lyrischen Opern stark, beginnend mit den von Verdi signierten. Wagner, der die traditionelle Form der Oper sicher nicht mochte, zeigte Norma grenzenlose Bewunderung, so sehr, dass er sie 1837 in Riga dirigierte. Sp\u00e4ter gab er zu, dass die erste Idee f\u00fcr die szenisch-musikalische Struktur von Isottas Tod stammte die ihm durch Normas Anrufung \u201eDeh, non volerli vittime\u201c (\u201eOh, t\u00f6te sie nicht\u201c) gegeben wurde, die den intensiven Verlauf des konzertierten Finales vorwegnimmt.<\/p>\n","protected":false},"featured_media":0,"template":"","works_category":[84,94],"acf":[],"yoast_head":"<!-- This site is optimized with the Yoast SEO plugin v20.11 - https:\/\/yoast.com\/wordpress\/plugins\/seo\/ -->\n<title>Norma - Cesarini<\/title>\n<meta name=\"robots\" content=\"index, follow, max-snippet:-1, max-image-preview:large, max-video-preview:-1\" \/>\n<link rel=\"canonical\" href=\"https:\/\/www.francocesarini.com\/de\/werke\/norma-franco-cesarini-blasorchester\/\" \/>\n<meta property=\"og:locale\" content=\"de_DE\" \/>\n<meta property=\"og:type\" content=\"article\" \/>\n<meta property=\"og:title\" content=\"Norma - Cesarini\" \/>\n<meta property=\"og:description\" content=\"Norma von Vincenzo Bellini spiegelt ganz die k\u00fcnstlerische Reife dieses sizilianischen Komponisten wider. Das St\u00fcck wurde am 26. Dezember 1831 im Mail\u00e4nder Scala-Theater uraufgef\u00fchrt. W\u00e4hrend [&hellip;]\" \/>\n<meta property=\"og:url\" content=\"https:\/\/www.francocesarini.com\/de\/werke\/norma-franco-cesarini-blasorchester\/\" \/>\n<meta property=\"og:site_name\" content=\"Cesarini\" \/>\n<meta property=\"article:modified_time\" content=\"2022-06-05T15:54:49+00:00\" \/>\n<meta name=\"twitter:card\" content=\"summary_large_image\" \/>\n<script type=\"application\/ld+json\" class=\"yoast-schema-graph\">{\"@context\":\"https:\/\/schema.org\",\"@graph\":[{\"@type\":\"WebPage\",\"@id\":\"https:\/\/www.francocesarini.com\/de\/werke\/norma-franco-cesarini-blasorchester\/\",\"url\":\"https:\/\/www.francocesarini.com\/de\/werke\/norma-franco-cesarini-blasorchester\/\",\"name\":\"Norma - Cesarini\",\"isPartOf\":{\"@id\":\"https:\/\/www.francocesarini.com\/de\/#website\"},\"datePublished\":\"2021-09-15T13:25:53+00:00\",\"dateModified\":\"2022-06-05T15:54:49+00:00\",\"breadcrumb\":{\"@id\":\"https:\/\/www.francocesarini.com\/de\/werke\/norma-franco-cesarini-blasorchester\/#breadcrumb\"},\"inLanguage\":\"de-DE\",\"potentialAction\":[{\"@type\":\"ReadAction\",\"target\":[\"https:\/\/www.francocesarini.com\/de\/werke\/norma-franco-cesarini-blasorchester\/\"]}]},{\"@type\":\"BreadcrumbList\",\"@id\":\"https:\/\/www.francocesarini.com\/de\/werke\/norma-franco-cesarini-blasorchester\/#breadcrumb\",\"itemListElement\":[{\"@type\":\"ListItem\",\"position\":1,\"name\":\"Home\",\"item\":\"https:\/\/www.francocesarini.com\/de\/\"},{\"@type\":\"ListItem\",\"position\":2,\"name\":\"Werke\",\"item\":\"https:\/\/www.francocesarini.com\/de\/werke\/\"},{\"@type\":\"ListItem\",\"position\":3,\"name\":\"Norma\"}]},{\"@type\":\"WebSite\",\"@id\":\"https:\/\/www.francocesarini.com\/de\/#website\",\"url\":\"https:\/\/www.francocesarini.com\/de\/\",\"name\":\"Cesarini\",\"description\":\"Composer and Publisher\",\"publisher\":{\"@id\":\"https:\/\/www.francocesarini.com\/de\/#\/schema\/person\/33f40be6be20ae6e85a1344113c1b9fb\"},\"potentialAction\":[{\"@type\":\"SearchAction\",\"target\":{\"@type\":\"EntryPoint\",\"urlTemplate\":\"https:\/\/www.francocesarini.com\/de\/?s={search_term_string}\"},\"query-input\":\"required name=search_term_string\"}],\"inLanguage\":\"de-DE\"},{\"@type\":[\"Person\",\"Organization\"],\"@id\":\"https:\/\/www.francocesarini.com\/de\/#\/schema\/person\/33f40be6be20ae6e85a1344113c1b9fb\",\"name\":\"Franco Cesarini\",\"image\":{\"@type\":\"ImageObject\",\"inLanguage\":\"de-DE\",\"@id\":\"https:\/\/www.francocesarini.com\/de\/#\/schema\/person\/image\/\",\"url\":\"https:\/\/www.francocesarini.com\/wp-content\/uploads\/2021\/06\/logo_svg.svg\",\"contentUrl\":\"https:\/\/www.francocesarini.com\/wp-content\/uploads\/2021\/06\/logo_svg.svg\",\"width\":270,\"height\":96,\"caption\":\"Franco Cesarini\"},\"logo\":{\"@id\":\"https:\/\/www.francocesarini.com\/de\/#\/schema\/person\/image\/\"}}]}<\/script>\n<!-- \/ Yoast SEO plugin. -->","yoast_head_json":{"title":"Norma - Cesarini","robots":{"index":"index","follow":"follow","max-snippet":"max-snippet:-1","max-image-preview":"max-image-preview:large","max-video-preview":"max-video-preview:-1"},"canonical":"https:\/\/www.francocesarini.com\/de\/werke\/norma-franco-cesarini-blasorchester\/","og_locale":"de_DE","og_type":"article","og_title":"Norma - Cesarini","og_description":"Norma von Vincenzo Bellini spiegelt ganz die k\u00fcnstlerische Reife dieses sizilianischen Komponisten wider. Das St\u00fcck wurde am 26. Dezember 1831 im Mail\u00e4nder Scala-Theater uraufgef\u00fchrt. W\u00e4hrend [&hellip;]","og_url":"https:\/\/www.francocesarini.com\/de\/werke\/norma-franco-cesarini-blasorchester\/","og_site_name":"Cesarini","article_modified_time":"2022-06-05T15:54:49+00:00","twitter_card":"summary_large_image","schema":{"@context":"https:\/\/schema.org","@graph":[{"@type":"WebPage","@id":"https:\/\/www.francocesarini.com\/de\/werke\/norma-franco-cesarini-blasorchester\/","url":"https:\/\/www.francocesarini.com\/de\/werke\/norma-franco-cesarini-blasorchester\/","name":"Norma - Cesarini","isPartOf":{"@id":"https:\/\/www.francocesarini.com\/de\/#website"},"datePublished":"2021-09-15T13:25:53+00:00","dateModified":"2022-06-05T15:54:49+00:00","breadcrumb":{"@id":"https:\/\/www.francocesarini.com\/de\/werke\/norma-franco-cesarini-blasorchester\/#breadcrumb"},"inLanguage":"de-DE","potentialAction":[{"@type":"ReadAction","target":["https:\/\/www.francocesarini.com\/de\/werke\/norma-franco-cesarini-blasorchester\/"]}]},{"@type":"BreadcrumbList","@id":"https:\/\/www.francocesarini.com\/de\/werke\/norma-franco-cesarini-blasorchester\/#breadcrumb","itemListElement":[{"@type":"ListItem","position":1,"name":"Home","item":"https:\/\/www.francocesarini.com\/de\/"},{"@type":"ListItem","position":2,"name":"Werke","item":"https:\/\/www.francocesarini.com\/de\/werke\/"},{"@type":"ListItem","position":3,"name":"Norma"}]},{"@type":"WebSite","@id":"https:\/\/www.francocesarini.com\/de\/#website","url":"https:\/\/www.francocesarini.com\/de\/","name":"Cesarini","description":"Composer and Publisher","publisher":{"@id":"https:\/\/www.francocesarini.com\/de\/#\/schema\/person\/33f40be6be20ae6e85a1344113c1b9fb"},"potentialAction":[{"@type":"SearchAction","target":{"@type":"EntryPoint","urlTemplate":"https:\/\/www.francocesarini.com\/de\/?s={search_term_string}"},"query-input":"required name=search_term_string"}],"inLanguage":"de-DE"},{"@type":["Person","Organization"],"@id":"https:\/\/www.francocesarini.com\/de\/#\/schema\/person\/33f40be6be20ae6e85a1344113c1b9fb","name":"Franco Cesarini","image":{"@type":"ImageObject","inLanguage":"de-DE","@id":"https:\/\/www.francocesarini.com\/de\/#\/schema\/person\/image\/","url":"https:\/\/www.francocesarini.com\/wp-content\/uploads\/2021\/06\/logo_svg.svg","contentUrl":"https:\/\/www.francocesarini.com\/wp-content\/uploads\/2021\/06\/logo_svg.svg","width":270,"height":96,"caption":"Franco Cesarini"},"logo":{"@id":"https:\/\/www.francocesarini.com\/de\/#\/schema\/person\/image\/"}}]}},"_links":{"self":[{"href":"https:\/\/www.francocesarini.com\/de\/wp-json\/wp\/v2\/works\/3218"}],"collection":[{"href":"https:\/\/www.francocesarini.com\/de\/wp-json\/wp\/v2\/works"}],"about":[{"href":"https:\/\/www.francocesarini.com\/de\/wp-json\/wp\/v2\/types\/works"}],"version-history":[{"count":0,"href":"https:\/\/www.francocesarini.com\/de\/wp-json\/wp\/v2\/works\/3218\/revisions"}],"wp:attachment":[{"href":"https:\/\/www.francocesarini.com\/de\/wp-json\/wp\/v2\/media?parent=3218"}],"wp:term":[{"taxonomy":"works_category","embeddable":true,"href":"https:\/\/www.francocesarini.com\/de\/wp-json\/wp\/v2\/works_category?post=3218"}],"curies":[{"name":"wp","href":"https:\/\/api.w.org\/{rel}","templated":true}]}}

<p><em>Norma</em> von Vincenzo Bellini spiegelt ganz die künstlerische Reife dieses sizilianischen Komponisten wider. Das Stück wurde am 26. Dezember 1831 im Mailänder Scala-Theater uraufgeführt. Während die Reaktionen auf die Uraufführung kalt waren, erhielt die zweite Aufführung herzlichen Beifall. Mit <em>Norma </em>erreichte Bellini den Höhepunkt seiner Vokallyrik und bestätigte und unterstrich gleichzeitig eine dramatische Kraft, die sich sowohl in der majestätischen Klarheit der Rezitative als auch in der Feierlichkeit des Chores offenbarte. Diese Elemente dienen als Hintergrund für die Tragödie wie ein großes, schönes Fresko. Das Modell von Norma beeinflusste die nachfolgenden lyrischen Opern stark, beginnend mit den von Verdi signierten. Wagner, der die traditionelle Form der Oper sicher nicht mochte, zeigte Norma grenzenlose Bewunderung, so sehr, dass er sie 1837 in Riga dirigierte. Später gab er zu, dass die erste Idee für die szenisch-musikalische Struktur von Isottas Tod stammte die ihm durch Normas Anrufung „Deh, non volerli vittime“ („Oh, töte sie nicht“) gegeben wurde, die den intensiven Verlauf des konzertierten Finales vorwegnimmt.</p>

<!-- This site is optimized with the Yoast SEO plugin v20.11 - https://yoast.com/wordpress/plugins/seo/ -->
<title>Norma - Cesarini</title>
<meta name="robots" content="index, follow, max-snippet:-1, max-image-preview:large, max-video-preview:-1" />
<link rel="canonical" href="https://www.francocesarini.com/de/werke/norma-franco-cesarini-blasorchester/" />
<meta property="og:locale" content="de_DE" />
<meta property="og:type" content="article" />
<meta property="og:title" content="Norma - Cesarini" />
<meta property="og:description" content="Norma von Vincenzo Bellini spiegelt ganz die künstlerische Reife dieses sizilianischen Komponisten wider. Das Stück wurde am 26. Dezember 1831 im Mailänder Scala-Theater uraufgeführt. Während [&hellip;]" />
<meta property="og:url" content="https://www.francocesarini.com/de/werke/norma-franco-cesarini-blasorchester/" />
<meta property="og:site_name" content="Cesarini" />
<meta property="article:modified_time" content="2022-06-05T15:54:49+00:00" />
<meta name="twitter:card" content="summary_large_image" />
<script type="application/ld+json" class="yoast-schema-graph">{"@context":"https://schema.org","@graph":[{"@type":"WebPage","@id":"https://www.francocesarini.com/de/werke/norma-franco-cesarini-blasorchester/","url":"https://www.francocesarini.com/de/werke/norma-franco-cesarini-blasorchester/","name":"Norma - Cesarini","isPartOf":{"@id":"https://www.francocesarini.com/de/#website"},"datePublished":"2021-09-15T13:25:53+00:00","dateModified":"2022-06-05T15:54:49+00:00","breadcrumb":{"@id":"https://www.francocesarini.com/de/werke/norma-franco-cesarini-blasorchester/#breadcrumb"},"inLanguage":"de-DE","potentialAction":[{"@type":"ReadAction","target":["https://www.francocesarini.com/de/werke/norma-franco-cesarini-blasorchester/"]}]},{"@type":"BreadcrumbList","@id":"https://www.francocesarini.com/de/werke/norma-franco-cesarini-blasorchester/#breadcrumb","itemListElement":[{"@type":"ListItem","position":1,"name":"Home","item":"https://www.francocesarini.com/de/"},{"@type":"ListItem","position":2,"name":"Werke","item":"https://www.francocesarini.com/de/werke/"},{"@type":"ListItem","position":3,"name":"Norma"}]},{"@type":"WebSite","@id":"https://www.francocesarini.com/de/#website","url":"https://www.francocesarini.com/de/","name":"Cesarini","description":"Composer and Publisher","publisher":{"@id":"https://www.francocesarini.com/de/#/schema/person/33f40be6be20ae6e85a1344113c1b9fb"},"potentialAction":[{"@type":"SearchAction","target":{"@type":"EntryPoint","urlTemplate":"https://www.francocesarini.com/de/?s={search_term_string}"},"query-input":"required name=search_term_string"}],"inLanguage":"de-DE"},{"@type":["Person","Organization"],"@id":"https://www.francocesarini.com/de/#/schema/person/33f40be6be20ae6e85a1344113c1b9fb","name":"Franco Cesarini","image":{"@type":"ImageObject","inLanguage":"de-DE","@id":"https://www.francocesarini.com/de/#/schema/person/image/","url":"https://www.francocesarini.com/wp-content/uploads/2021/06/logo_svg.svg","contentUrl":"https://www.francocesarini.com/wp-content/uploads/2021/06/logo_svg.svg","width":270,"height":96,"caption":"Franco Cesarini"},"logo":{"@id":"https://www.francocesarini.com/de/#/schema/person/image/"}}]}</script>
<!-- / Yoast SEO plugin. -->

Norma von Vincenzo Bellini spiegelt ganz die künstlerische Reife dieses sizilianischen Komponisten wider. Das Stück wurde am 26. Dezember 1831 im Mailänder Scala-Theater uraufgeführt. Während [&hellip;]
