{"id":5837,"date":"2023-06-26T14:37:34","date_gmt":"2023-06-26T12:37:34","guid":{"rendered":"https:\/\/www.francocesarini.com\/?post_type=works&#038;p=5837"},"modified":"2024-06-16T17:14:03","modified_gmt":"2024-06-16T15:14:03","slug":"siebnen-franco-cesarini","status":"publish","type":"works","link":"https:\/\/www.francocesarini.com\/de\/werke\/siebnen-franco-cesarini\/","title":{"rendered":"Siebnen"},"content":{"rendered":"\n<p><em>Siebnen<\/em> wurde an Franco Cesarini von Blaise H\u00e9ritier, Dirigent der Musikkapelle der gleichnamigen Stadt im Schweizer Kanton Schwyz in Auftrag gegeben. Die Urauff\u00fchrung des St\u00fcckes fand beim Winterkonzert des Blasorchesters Siebnen (BSO) 2021 statt.<br>&nbsp;<br><em>Siebnen<\/em> ist ein Marsch mit traditioneller Struktur, mit fr\u00f6hlichen und festlichen Melodien, geeignet zur Er\u00f6ffnung eines Konzerts oder einer festlichen Zeremonie. <em>Siebnen<\/em> ist in Marschformat erh\u00e4ltlich.<\/p>\n","protected":false},"featured_media":5876,"template":"","works_category":[84,95],"acf":[],"yoast_head":"<!-- This site is optimized with the Yoast SEO plugin v20.11 - https:\/\/yoast.com\/wordpress\/plugins\/seo\/ -->\n<title>Siebnen - Cesarini<\/title>\n<meta name=\"description\" content=\"Franco Cesarini was commissioned to write Siebnen by Blaise H\u00e9ritier, conductor of the band of the town by the same name located in the Swiss canton of Schwyz. The premiere of the piece was held at the winter concert of the Blasorchester Siebnen (BSO) in 2021.Siebnen is a march with a traditional structure, with joyful and festive melodies, suitable for opening a concert or for a festive occasion.\" \/>\n<meta name=\"robots\" content=\"index, follow, max-snippet:-1, max-image-preview:large, max-video-preview:-1\" \/>\n<link rel=\"canonical\" href=\"https:\/\/www.francocesarini.com\/de\/werke\/siebnen-franco-cesarini\/\" \/>\n<meta property=\"og:locale\" content=\"de_DE\" \/>\n<meta property=\"og:type\" content=\"article\" \/>\n<meta property=\"og:title\" content=\"Siebnen - Cesarini\" \/>\n<meta property=\"og:description\" content=\"Franco Cesarini was commissioned to write Siebnen by Blaise H\u00e9ritier, conductor of the band of the town by the same name located in the Swiss canton of Schwyz. The premiere of the piece was held at the winter concert of the Blasorchester Siebnen (BSO) in 2021.Siebnen is a march with a traditional structure, with joyful and festive melodies, suitable for opening a concert or for a festive occasion.\" \/>\n<meta property=\"og:url\" content=\"https:\/\/www.francocesarini.com\/de\/werke\/siebnen-franco-cesarini\/\" \/>\n<meta property=\"og:site_name\" content=\"Cesarini\" \/>\n<meta property=\"article:modified_time\" content=\"2024-06-16T15:14:03+00:00\" \/>\n<meta property=\"og:image\" content=\"https:\/\/www.francocesarini.com\/wp-content\/uploads\/2023\/06\/EFC017-SC.jpg\" \/>\n\t<meta property=\"og:image:width\" content=\"1350\" \/>\n\t<meta property=\"og:image:height\" content=\"1800\" \/>\n\t<meta property=\"og:image:type\" content=\"image\/jpeg\" \/>\n<meta name=\"twitter:card\" content=\"summary_large_image\" \/>\n<script type=\"application\/ld+json\" class=\"yoast-schema-graph\">{\"@context\":\"https:\/\/schema.org\",\"@graph\":[{\"@type\":\"WebPage\",\"@id\":\"https:\/\/www.francocesarini.com\/de\/werke\/siebnen-franco-cesarini\/\",\"url\":\"https:\/\/www.francocesarini.com\/de\/werke\/siebnen-franco-cesarini\/\",\"name\":\"Siebnen - Cesarini\",\"isPartOf\":{\"@id\":\"https:\/\/www.francocesarini.com\/de\/#website\"},\"datePublished\":\"2023-06-26T12:37:34+00:00\",\"dateModified\":\"2024-06-16T15:14:03+00:00\",\"description\":\"Franco Cesarini was commissioned to write Siebnen by Blaise H\u00e9ritier, conductor of the band of the town by the same name located in the Swiss canton of Schwyz. The premiere of the piece was held at the winter concert of the Blasorchester Siebnen (BSO) in 2021.Siebnen is a march with a traditional structure, with joyful and festive melodies, suitable for opening a concert or for a festive occasion.\",\"breadcrumb\":{\"@id\":\"https:\/\/www.francocesarini.com\/de\/werke\/siebnen-franco-cesarini\/#breadcrumb\"},\"inLanguage\":\"de-DE\",\"potentialAction\":[{\"@type\":\"ReadAction\",\"target\":[\"https:\/\/www.francocesarini.com\/de\/werke\/siebnen-franco-cesarini\/\"]}]},{\"@type\":\"BreadcrumbList\",\"@id\":\"https:\/\/www.francocesarini.com\/de\/werke\/siebnen-franco-cesarini\/#breadcrumb\",\"itemListElement\":[{\"@type\":\"ListItem\",\"position\":1,\"name\":\"Home\",\"item\":\"https:\/\/www.francocesarini.com\/de\/\"},{\"@type\":\"ListItem\",\"position\":2,\"name\":\"Werke\",\"item\":\"https:\/\/www.francocesarini.com\/de\/werke\/\"},{\"@type\":\"ListItem\",\"position\":3,\"name\":\"Siebnen\"}]},{\"@type\":\"WebSite\",\"@id\":\"https:\/\/www.francocesarini.com\/de\/#website\",\"url\":\"https:\/\/www.francocesarini.com\/de\/\",\"name\":\"Cesarini\",\"description\":\"Composer and Publisher\",\"publisher\":{\"@id\":\"https:\/\/www.francocesarini.com\/de\/#\/schema\/person\/33f40be6be20ae6e85a1344113c1b9fb\"},\"potentialAction\":[{\"@type\":\"SearchAction\",\"target\":{\"@type\":\"EntryPoint\",\"urlTemplate\":\"https:\/\/www.francocesarini.com\/de\/?s={search_term_string}\"},\"query-input\":\"required name=search_term_string\"}],\"inLanguage\":\"de-DE\"},{\"@type\":[\"Person\",\"Organization\"],\"@id\":\"https:\/\/www.francocesarini.com\/de\/#\/schema\/person\/33f40be6be20ae6e85a1344113c1b9fb\",\"name\":\"Franco Cesarini\",\"image\":{\"@type\":\"ImageObject\",\"inLanguage\":\"de-DE\",\"@id\":\"https:\/\/www.francocesarini.com\/de\/#\/schema\/person\/image\/\",\"url\":\"https:\/\/www.francocesarini.com\/wp-content\/uploads\/2021\/06\/logo_svg.svg\",\"contentUrl\":\"https:\/\/www.francocesarini.com\/wp-content\/uploads\/2021\/06\/logo_svg.svg\",\"width\":270,\"height\":96,\"caption\":\"Franco Cesarini\"},\"logo\":{\"@id\":\"https:\/\/www.francocesarini.com\/de\/#\/schema\/person\/image\/\"}}]}<\/script>\n<!-- \/ Yoast SEO plugin. -->","yoast_head_json":{"title":"Siebnen - Cesarini","description":"Franco Cesarini was commissioned to write Siebnen by Blaise H\u00e9ritier, conductor of the band of the town by the same name located in the Swiss canton of Schwyz. The premiere of the piece was held at the winter concert of the Blasorchester Siebnen (BSO) in 2021.Siebnen is a march with a traditional structure, with joyful and festive melodies, suitable for opening a concert or for a festive occasion.","robots":{"index":"index","follow":"follow","max-snippet":"max-snippet:-1","max-image-preview":"max-image-preview:large","max-video-preview":"max-video-preview:-1"},"canonical":"https:\/\/www.francocesarini.com\/de\/werke\/siebnen-franco-cesarini\/","og_locale":"de_DE","og_type":"article","og_title":"Siebnen - Cesarini","og_description":"Franco Cesarini was commissioned to write Siebnen by Blaise H\u00e9ritier, conductor of the band of the town by the same name located in the Swiss canton of Schwyz. The premiere of the piece was held at the winter concert of the Blasorchester Siebnen (BSO) in 2021.Siebnen is a march with a traditional structure, with joyful and festive melodies, suitable for opening a concert or for a festive occasion.","og_url":"https:\/\/www.francocesarini.com\/de\/werke\/siebnen-franco-cesarini\/","og_site_name":"Cesarini","article_modified_time":"2024-06-16T15:14:03+00:00","og_image":[{"width":1350,"height":1800,"url":"https:\/\/www.francocesarini.com\/wp-content\/uploads\/2023\/06\/EFC017-SC.jpg","type":"image\/jpeg"}],"twitter_card":"summary_large_image","schema":{"@context":"https:\/\/schema.org","@graph":[{"@type":"WebPage","@id":"https:\/\/www.francocesarini.com\/de\/werke\/siebnen-franco-cesarini\/","url":"https:\/\/www.francocesarini.com\/de\/werke\/siebnen-franco-cesarini\/","name":"Siebnen - Cesarini","isPartOf":{"@id":"https:\/\/www.francocesarini.com\/de\/#website"},"datePublished":"2023-06-26T12:37:34+00:00","dateModified":"2024-06-16T15:14:03+00:00","description":"Franco Cesarini was commissioned to write Siebnen by Blaise H\u00e9ritier, conductor of the band of the town by the same name located in the Swiss canton of Schwyz. The premiere of the piece was held at the winter concert of the Blasorchester Siebnen (BSO) in 2021.Siebnen is a march with a traditional structure, with joyful and festive melodies, suitable for opening a concert or for a festive occasion.","breadcrumb":{"@id":"https:\/\/www.francocesarini.com\/de\/werke\/siebnen-franco-cesarini\/#breadcrumb"},"inLanguage":"de-DE","potentialAction":[{"@type":"ReadAction","target":["https:\/\/www.francocesarini.com\/de\/werke\/siebnen-franco-cesarini\/"]}]},{"@type":"BreadcrumbList","@id":"https:\/\/www.francocesarini.com\/de\/werke\/siebnen-franco-cesarini\/#breadcrumb","itemListElement":[{"@type":"ListItem","position":1,"name":"Home","item":"https:\/\/www.francocesarini.com\/de\/"},{"@type":"ListItem","position":2,"name":"Werke","item":"https:\/\/www.francocesarini.com\/de\/werke\/"},{"@type":"ListItem","position":3,"name":"Siebnen"}]},{"@type":"WebSite","@id":"https:\/\/www.francocesarini.com\/de\/#website","url":"https:\/\/www.francocesarini.com\/de\/","name":"Cesarini","description":"Composer and Publisher","publisher":{"@id":"https:\/\/www.francocesarini.com\/de\/#\/schema\/person\/33f40be6be20ae6e85a1344113c1b9fb"},"potentialAction":[{"@type":"SearchAction","target":{"@type":"EntryPoint","urlTemplate":"https:\/\/www.francocesarini.com\/de\/?s={search_term_string}"},"query-input":"required name=search_term_string"}],"inLanguage":"de-DE"},{"@type":["Person","Organization"],"@id":"https:\/\/www.francocesarini.com\/de\/#\/schema\/person\/33f40be6be20ae6e85a1344113c1b9fb","name":"Franco Cesarini","image":{"@type":"ImageObject","inLanguage":"de-DE","@id":"https:\/\/www.francocesarini.com\/de\/#\/schema\/person\/image\/","url":"https:\/\/www.francocesarini.com\/wp-content\/uploads\/2021\/06\/logo_svg.svg","contentUrl":"https:\/\/www.francocesarini.com\/wp-content\/uploads\/2021\/06\/logo_svg.svg","width":270,"height":96,"caption":"Franco Cesarini"},"logo":{"@id":"https:\/\/www.francocesarini.com\/de\/#\/schema\/person\/image\/"}}]}},"_links":{"self":[{"href":"https:\/\/www.francocesarini.com\/de\/wp-json\/wp\/v2\/works\/5837"}],"collection":[{"href":"https:\/\/www.francocesarini.com\/de\/wp-json\/wp\/v2\/works"}],"about":[{"href":"https:\/\/www.francocesarini.com\/de\/wp-json\/wp\/v2\/types\/works"}],"version-history":[{"count":5,"href":"https:\/\/www.francocesarini.com\/de\/wp-json\/wp\/v2\/works\/5837\/revisions"}],"predecessor-version":[{"id":7625,"href":"https:\/\/www.francocesarini.com\/de\/wp-json\/wp\/v2\/works\/5837\/revisions\/7625"}],"wp:featuredmedia":[{"embeddable":true,"href":"https:\/\/www.francocesarini.com\/de\/wp-json\/wp\/v2\/media\/5876"}],"wp:attachment":[{"href":"https:\/\/www.francocesarini.com\/de\/wp-json\/wp\/v2\/media?parent=5837"}],"wp:term":[{"taxonomy":"works_category","embeddable":true,"href":"https:\/\/www.francocesarini.com\/de\/wp-json\/wp\/v2\/works_category?post=5837"}],"curies":[{"name":"wp","href":"https:\/\/api.w.org\/{rel}","templated":true}]}}

<p><em>Siebnen</em> wurde an Franco Cesarini von Blaise Héritier, Dirigent der Musikkapelle der gleichnamigen Stadt im Schweizer Kanton Schwyz in Auftrag gegeben. Die Uraufführung des Stückes fand beim Winterkonzert des Blasorchesters Siebnen (BSO) 2021 statt.<br>&nbsp;<br><em>Siebnen</em> ist ein Marsch mit traditioneller Struktur, mit fröhlichen und festlichen Melodien, geeignet zur Eröffnung eines Konzerts oder einer festlichen Zeremonie. <em>Siebnen</em> ist in Marschformat erhältlich.</p>

<!-- This site is optimized with the Yoast SEO plugin v20.11 - https://yoast.com/wordpress/plugins/seo/ -->
<title>Siebnen - Cesarini</title>
<meta name="description" content="Franco Cesarini was commissioned to write Siebnen by Blaise Héritier, conductor of the band of the town by the same name located in the Swiss canton of Schwyz. The premiere of the piece was held at the winter concert of the Blasorchester Siebnen (BSO) in 2021.Siebnen is a march with a traditional structure, with joyful and festive melodies, suitable for opening a concert or for a festive occasion." />
<meta name="robots" content="index, follow, max-snippet:-1, max-image-preview:large, max-video-preview:-1" />
<link rel="canonical" href="https://www.francocesarini.com/de/werke/siebnen-franco-cesarini/" />
<meta property="og:locale" content="de_DE" />
<meta property="og:type" content="article" />
<meta property="og:title" content="Siebnen - Cesarini" />
<meta property="og:description" content="Franco Cesarini was commissioned to write Siebnen by Blaise Héritier, conductor of the band of the town by the same name located in the Swiss canton of Schwyz. The premiere of the piece was held at the winter concert of the Blasorchester Siebnen (BSO) in 2021.Siebnen is a march with a traditional structure, with joyful and festive melodies, suitable for opening a concert or for a festive occasion." />
<meta property="og:url" content="https://www.francocesarini.com/de/werke/siebnen-franco-cesarini/" />
<meta property="og:site_name" content="Cesarini" />
<meta property="article:modified_time" content="2024-06-16T15:14:03+00:00" />
<meta property="og:image" content="https://www.francocesarini.com/wp-content/uploads/2023/06/EFC017-SC.jpg" />
	<meta property="og:image:width" content="1350" />
	<meta property="og:image:height" content="1800" />
	<meta property="og:image:type" content="image/jpeg" />
<meta name="twitter:card" content="summary_large_image" />
<script type="application/ld+json" class="yoast-schema-graph">{"@context":"https://schema.org","@graph":[{"@type":"WebPage","@id":"https://www.francocesarini.com/de/werke/siebnen-franco-cesarini/","url":"https://www.francocesarini.com/de/werke/siebnen-franco-cesarini/","name":"Siebnen - Cesarini","isPartOf":{"@id":"https://www.francocesarini.com/de/#website"},"datePublished":"2023-06-26T12:37:34+00:00","dateModified":"2024-06-16T15:14:03+00:00","description":"Franco Cesarini was commissioned to write Siebnen by Blaise Héritier, conductor of the band of the town by the same name located in the Swiss canton of Schwyz. The premiere of the piece was held at the winter concert of the Blasorchester Siebnen (BSO) in 2021.Siebnen is a march with a traditional structure, with joyful and festive melodies, suitable for opening a concert or for a festive occasion.","breadcrumb":{"@id":"https://www.francocesarini.com/de/werke/siebnen-franco-cesarini/#breadcrumb"},"inLanguage":"de-DE","potentialAction":[{"@type":"ReadAction","target":["https://www.francocesarini.com/de/werke/siebnen-franco-cesarini/"]}]},{"@type":"BreadcrumbList","@id":"https://www.francocesarini.com/de/werke/siebnen-franco-cesarini/#breadcrumb","itemListElement":[{"@type":"ListItem","position":1,"name":"Home","item":"https://www.francocesarini.com/de/"},{"@type":"ListItem","position":2,"name":"Werke","item":"https://www.francocesarini.com/de/werke/"},{"@type":"ListItem","position":3,"name":"Siebnen"}]},{"@type":"WebSite","@id":"https://www.francocesarini.com/de/#website","url":"https://www.francocesarini.com/de/","name":"Cesarini","description":"Composer and Publisher","publisher":{"@id":"https://www.francocesarini.com/de/#/schema/person/33f40be6be20ae6e85a1344113c1b9fb"},"potentialAction":[{"@type":"SearchAction","target":{"@type":"EntryPoint","urlTemplate":"https://www.francocesarini.com/de/?s={search_term_string}"},"query-input":"required name=search_term_string"}],"inLanguage":"de-DE"},{"@type":["Person","Organization"],"@id":"https://www.francocesarini.com/de/#/schema/person/33f40be6be20ae6e85a1344113c1b9fb","name":"Franco Cesarini","image":{"@type":"ImageObject","inLanguage":"de-DE","@id":"https://www.francocesarini.com/de/#/schema/person/image/","url":"https://www.francocesarini.com/wp-content/uploads/2021/06/logo_svg.svg","contentUrl":"https://www.francocesarini.com/wp-content/uploads/2021/06/logo_svg.svg","width":270,"height":96,"caption":"Franco Cesarini"},"logo":{"@id":"https://www.francocesarini.com/de/#/schema/person/image/"}}]}</script>
<!-- / Yoast SEO plugin. -->

Franco Cesarini was commissioned to write Siebnen by Blaise Héritier, conductor of the band of the town by the same name located in the Swiss canton of Schwyz. The premiere of the piece was held at the winter concert of the Blasorchester Siebnen (BSO) in 2021.Siebnen is a march with a traditional structure, with joyful and festive melodies, suitable for opening a concert or for a festive occasion.
